 base 14, what is -53 + -2?
-55
In base 11, what is 420 + -5?
416
In base 8, what is -3 + 627?
624
In base 4, what is -1 + 1001?
1000
In base 4, what is -2 - 22?
-30
In base 3, what is 101 + 2221122?
2222000
In base 6, what is -14 - 41?
-55
In base 5, what is -221444 + -2?
-222001
In base 8, what is -1254 + -1?
-1255
In base 9, what is 184 - -5?
200
In base 2, what is -1011 + 10010101?
10001010
In base 11, what is -2 + -7?
-9
In base 4, what is -1 - 12331?
-12332
In base 10, what is 20 + 3?
23
In base 4, what is -12 - -110?
32
In base 10, what is 3 + -7266?
-7263
In base 14, what is c - -5b?
69
In base 7, what is 250 + -35?
212
In base 11, what is 0 + -11?
-11
In base 9, what is -4 + -56?
-61
In base 3, what is 1201 - 2110?
-202
In base 7, what is -55 - 2?
-60
In base 4, what is 1 - -323?
330
In base 4, what is 1 - 1000?
-333
In base 3, what is 11 + 2100?
2111
In base 2, what is 10001011001 + -11001?
10001000000
In base 2, what is 101 - -101101100010?
101101100111
In base 3, what is -11122212 - 0?
-11122212
In base 7, what is 26 + -16?
10
In base 7, what is 0 + 6064?
6064
In base 13, what is c - 0?
c
In base 2, what is 1011010110 + -101?
1011010001
In base 9, what is 373 + -2?
371
In base 5, what is 2 + -31332?
-31330
In base 13, what is -148 + 5?
-143
In base 2, what is -1010 - 110?
-10000
In base 9, what is 314 + 4?
318
In base 9, what is -14 - 6?
-21
In base 5, what is 3 - -44244?
44302
In base 14, what is 207 - 1?
206
In base 15, what is -4 - -20?
1b
In base 2, what is 1110 - -1000?
10110
In base 7, what is 1 + -225?
-224
In base 12, what is -88 - -3?
-85
In base 7, what is -3605 - -3?
-3602
In base 8, what is -2 + 2044?
2042
In base 14, what is 2b + -5?
26
In base 13, what is 4c4a + 0?
4c4a
In base 11, what is -38 - 1a?
-57
In base 2, what is 100 - -110100?
111000
In base 13, what is b7 + -5?
b2
In base 8, what is -5 - -334?
327
In base 13, what is -5 - -105?
100
In base 3, what is 121 - -2?
200
In base 9, what is -322 - -41?
-271
In base 13, what is -2 - 38?
-3a
In base 5, what is 31 + 2?
33
In base 7, what is -106 - -3?
-103
In base 3, what is -11 - -10210?
10122
In base 5, what is -3 + 30?
22
In base 4, what is 23103 - 0?
23103
In base 4, what is 331 + -11?
320
In base 16, what is 3b - -14?
4f
In base 8, what is -4 - 17?
-23
In base 9, what is 5216 - 0?
5216
In base 16, what is 53a - -3?
53d
In base 4, what is -1322 - 100?
-2022
In base 15, what is 157 - -1?
158
In base 13, what is -17a + -31?
-1ab
In base 4, what is 1 + -123?
-122
In base 3, what is 2200212 - -11?
2201000
In base 16, what is 3c61 - 4?
3c5d
In base 15, what is -27 - 3?
-2a
In base 3, what is -220120101 - 11?
-220120112
In base 16, what is 65a + 4?
65e
In base 4, what is -2 - -320201?
320133
In base 4, what is -10 + -1200?
-1210
In base 13, what is 6b43 - 4?
6b3c
In base 13, what is 0 - 87?
-87
In base 12, what is 5 - 237?
-232
In base 9, what is -384 + 5?
-378
In base 14, what is -5 + 71?
6a
In base 8, what is -2 + 142?
140
In base 10, what is 66 + 19?
85
In base 2, what is 10101100 + 1?
10101101
In base 16, what is c + 1a?
26
In base 12, what is 78 - 4?
74
In base 6, what is -103 - -3?
-100
In base 2, what is -100 + -101011111?
-101100011
In base 5, what is -4 + 1340?
1331
In base 10, what is 148 - -68?
216
In base 13, what is -10b + -5?
-113
In base 15, what is -d + -5?
-13
In base 3, what is 11102 + 222?
12101
In base 12, what is -82 - -1?
-81
In base 13, what is b4 + -11?
a3
In base 15, what is 3 - 90?
-8c
In base 12, what is 17 + -188?
-171
In base 5, what is 10 + 24431?
24441
In base 6, what is 24 - -110?
134
In base 15, what is -1b - a8?
-c4
In base 4, what is 331 - -10?
1001
In base 12, what is 3 + -469?
-466
In base 5, what is -2010 + 3?
-2002
In base 9, what is -2 - -6?
4
In base 16, what is -a - 80?
-8a
In base 11, what is 286 + 19?
2a4
In base 4, what is -130 - -120?
-10
In base 2, what is 0 - 10010010101?
-10010010101
In base 14, what is 2 + -1?
1
In base 4, what is 1 + 2000?
2001
In base 14, what is 85 - 6c?
17
In base 11, what is 0 + -86?
-86
In base 8, what is 502 + -23?
457
In base 6, what is 32 - -151?
223
In base 13, what is -159 - 61?
-1ba
In base 8, what is -5 - 142?
-147
In base 7, what is -105 + -4?
-112
In base 12, what is 28 - -1b?
47
In base 13, what is 25 - 2?
23
In base 14, what is -123 - 2a?
-14d
In base 6, what is 3 - 232?
-225
In base 5, what is 2123 + 4?
2132
In base 6, what is -12 + -25?
-41
In base 13, what is -21 - -3?
-1b
In base 11, what is -1 - -47?
46
In base 14, what is -344 - -3?
-341
In base 13, what is -a - 11?
-1b
In base 13, what is 4 + -85?
-81
In base 5, what is 1042 + 3?
1100
In base 9, what is 50 - -5?
55
In base 16, what is f + 3?
12
In base 12, what is 191 + 2?
193
In base 9, what is 0 - 1052?
-1052
In base 3, what is -2 - -1111022?
1111020
In base 14, what is -d + 57a?
56b
In base 13, what is 1 - -219?
21a
In base 2, what is -1010001100 + 10010?
-1001111010
In base 10, what is -4 + 31?
27
In base 8, what is -20 + -101?
-121
In base 4, what is 30 + 1300?
1330
In base 14, what is 836 + -5?
831
In base 15, what is 3c + -3?
39
In base 4, what is -102302310 - 2?
-102302312
In base 14, what is 557 + 0?
557
In base 8, what is -143 + 3?
-140
In base 2, what is 1110 + -101000000?
-100110010
In base 14, what is 1 + -2d3?
-2d2
In base 5, what is 14103 + -101?
14002
In base 8, what is 2 + 451?
453
In base 11, what is -1607 - -2?
-1605
In base 14, what is -1 + 65?
64
In base 10, what is -3 - -18?
15
In base 12, what is 0 - 7a?
-7a
In base 16, what is -3 + -263?
-266
In base 5, what is 103 - 10?
43
In base 2, what is -1010101110 - -10?
-1010101100
In base 9, what is -84 - 111?
-205
In base 5, what is 1114 + -13?
1101
In base 4, what is -13 + 220?
201
In base 10, what is 11 - -52?
63
In base 16, what is 18 - -303?
31b
In base 15, what is -2c2 + 0?
-2c2
In base 8, what is -5 + -4142?
-4147
In base 10, what is 10 - -131?
141
In base 13, what is -5 - -48?
43
In base 4, what is 1000 - 11?
323
In base 11, what is 80 + -33?
48
In base 8, what is 116 + -3?
113
In base 11, what is 54a + 2?
551
In base 12, what is -2b - 205?
-234
In base 9, what is -22 + -20?
-42
In base 2, what is 101001111 - -1000100?
110010011
In base 9, what is -68 + 150?
71
In base 8, what is 5 + -17241?
-17234
In base 2, what is -1 + 1011011?
1011010
In base 2, what is 10111100011 + 10?
10111100101
In base 5, what is -3 + -12?
-20
In base 10, what is -17082 + 0?
-17082
In base 14, what is 4a2 - 1?
4a1
In base 14, what is 69 - 3?
66
In base 4, what is -220 + 121?
-33
In base 12, what is 28b + 9?
298
In base 15, what is -3 + 1dd?
1da
In base 10, what is -10 - -4?
-6
In base 4, what is -220 - -1221?
1001
In base 4, what is -2 - -3112?
3110
In base 9, what is 5 - 470?
-464
In base 4, what is 13 - -20?
33
In base 14, what is -2a3 - 16?
-2b9
In base 16, what is 27 - -1c?
43
In base 8, what is -11 - -275?
264
In base 7, what is 4 - -435?
442
In base 6, what is 133 + -4?
125
In base 6, what is 12 - 15333?
-15321
In base 7, what is 3210 + -14?
3163
In base 10, what is 10 + -33?
-23
In base 12, what is 3 - 2414?
-2411
In base 8, what is -3 - 111?
-114
In base 14, what is -11 - -23?
12
In base 16, what is 2 - 23a?
-238
In base 4, what is -112 + -1020?
-1132
In base 3, what is 2 + -20002?
-20000
In base 12, what is -5 + 17?
12
In base 10, what is -3812 - 5?
-3817
In base 3, what is 1 - -102202?
102210
In base 15, what is -4b - 36?
-82
In base 13, what is -3 - -44?
41
In base 3, what is 20220 + 22?
21012
In base 13, what is 1 - -6b5?
6b6
In base 14, what is -5 - -172?
16b
In base 12, what is -1a - 40?
-5a
In base 5, what is 10 + -11124?
-11114
In base 7, what is -5 + -3104?
-3112
In base 6, what is -20025 + -3?
-20032
In base 14, what is 4a - -3?
4d
In base 15, what is -3c0 - 0?
-3c0
In base 9, what is 8 - 1?
7
In base 15, what is -b + -28?
-34
In base 6, what is 5 - 1222?
-1213
In base 6, what is 14 + -15?
-1
In base 15, what is -3 + -151?
-154
In base 6, what is -53 - 35?
-132
In base 14, what is -17c + -5?
-183
In base 8, what is 10 + -63?
-53
In base 6, what is -12541 + 5?
-12532
In base 6, what is -350 + -3?
-353
In base 11, what is -a3 - 3?
-a6
In base 7, what is 13311 + -4?
13304
In base 14, what is 7 - -c?
15
In base 10, what is 1 - -2962?
2963
In base 6, what is -5515